 derivative of m**6/120 + 7*m**5/60 - m**4/24 - m**3 - 33*m**2/2 - 8*m + 3. Let y(h) be the first derivative of z(h). Determine y(-7).
1
Let t(p) = -9*p**3 - 11*p**2 - 17*p + 6. Let v(g) = 4*g**3 - g - 2. Let c(b) = -t(b) - 2*v(b). Determine c(-9).
-11
Let b(c) = -c**3 + 9*c**2 + 7*c - 15. Suppose 11*z - 12*z = -14*f + 103, -f = -2*z + 10. Determine b(z).
48
Let u(o) be the third derivative of 0 + 1/2*o**3 - 1/24*o**4 + 0*o + 82*o**2. Give u(1).
2
Let n(j) = 11*j - 1. Let y be n(1). Let f(l) = -6*l**2 - l. Let c(w) = -w**3 - 3*w**2 + 8*w - 6. Let d(h) = -c(h) + 2*f(h). Determine d(y).
6
Let b(v) = v**3 + 32*v**2 - 50*v + 91. Let t be b(-33). Let w = t - 642. Let z(h) = -h**2 + 9*h + 8. Calculate z(w).
-2
Let l be ((-210)/126)/(1/(-3)). Suppose 5*h - 4*n - 29 = 0, 27*h - l*n = 26*h + 10. Let w(f) = -f**2 + 2*f + 3. Calculate w(h).
-12
Suppose 6*g - 3*g + x + 65 = 0, -2*x = 3*g + 70. Let j(m) = 13*m + 4*m**2 - 33*m - 5*m**2. Let z be j(g). Let p(b) = -b**2 + 18. Determine p(z).
18
Let h(g) = g**2 - 7*g - 75. Let b be -5*(-22 + 2552/110). What is h(b)?
3
Suppose 3*q - 3 - 18 = 0. Let b(a) be the second derivative of -a**5/20 + 7*a**4/12 + a**3/3 + 9*a**2/2 + 567*a. Calculate b(q).
23
Let s(t) = -3 - 365*t + 2 - 8*t**2 + 363*t. Suppose -71 - 91 = 3*o. Let y = 53 + o. Calculate s(y).
-7
Let p(j) be the second derivative of j**4/12 - 2*j**3 + 27*j**2/2 + 1769*j. Determine p(8).
-5
Let x = 150 + -144. Let j(v) = 1 - x*v**2 + 2*v + 0 - 6*v**3 + 8*v**2. Calculate j(-1).
7
Let o(t) = 5*t**2 - t**3 + 8*t**2 + 7 - 5*t**2 - 10*t + 3. Let y = 30 - 73. Let z = y - -50. What is o(z)?
-11
Let k(j) = -3*j + 4 + 0*j**3 + 0*j**3 + j**3 + 3*j**2. Suppose -11*r + 32 + 34 = 0. Suppose m + r*q - 2*q = -8, -4*m = -3*q + 13. Determine k(m).
0
Suppose 0 = 2*w - 2*v + 2, -6*v + 18 = 2*w - 3*v. Let g be ((1/(-2))/(12/(-72)))/1. Let k(z) = g*z + 7 + 0*z**2 - 4*z**2 - 10 + z**3. Calculate k(w).
-3
Let q(h) = h**3 - 8*h**2 - h - 16. Suppose -s = -3*y - 18, -9*y - 224 = -34*s - 4*y. Determine q(s).
-94
Let h(u) = -1174*u + 2 + 2364*u - 1189*u. What is h(8)?
10
Suppose 0 = -0*n + 3*n + 12. Let a(h) = 41008*h - 82019*h + 7 + 41012*h. Determine a(n).
3
Let n(i) = -3*i**3 + 59*i**2 - 519 - 52*i - 74*i**2 - 523 + 2*i**3 + 1056. Give n(-6).
2
Let o(b) = -2*b**2 + 16*b + 4. Let t be o(8). Suppose -39 + 11 = -t*y. Let g(n) = -1 + 1 + 13*n**2 - n**3 - 5*n**2 - 7*n + 8. Give g(y).
8
Let t = 98 - 92. Let f(v) = -6 + 1 - t + 1 - v. Give f(-7).
-3
Let a(k) = -k**2 + 6*k - 7. Suppose 0*s = -6*s + 2070. Let o = s - 336. Determine a(o).
-34
Let u(n) = n**2 - n - 4. Let s = -319 - -325. Suppose 3*l = -5*z + 3 - 22, 0 = 3*z + s. Calculate u(l).
8
Let n = 21468 + -21462. Let x(h) = 53*h - 317. Give x(n).
1
Let v = -2884 + 2876. Let b(q) be the second derivative of 0 - q + 7/2*q**2 - 7/6*q**3 - 1/12*q**4. What is b(v)?
-1
Let x(y) be the third derivative of -y**4/8 + 3*y**3/2 + 2183*y**2. Give x(15).
-36
Let u(k) = 5*k - k**2 - 4*k - 1 + 0*k**2. Suppose 71*w = 14*w + 117*w - 120. What is u(w)?
-3
Let q be ((-4)/(-6))/((-14)/(-252)). Let v = q + -7. Let x(h) = 7*h + 12. Let t(k) = 6*k + 10. Let d(n) = v*x(n) - 6*t(n). Give d(-4).
4
Suppose -2*u = -5*c - 7, 3*c = -5*u - 4 - 25. Let l(z) = 10*z + 36. What is l(c)?
6
Suppose -828*r - 1600 = -823*r. Let v = 329 + r. Let c(h) = -h + 2. What is c(v)?
-7
Let m = -915 - -919. Suppose m + 8 = -6*c. Let p(k) = 5*k**3 + 3*k**2 + 4*k + 2. Determine p(c).
-34
Let m(s) = -5 - 16 + 418*s + 366*s - 785*s. Calculate m(4).
-25
Suppose 4 = 25*b - 21*b. Let r be (-4)/(b + 0 - 0). Let s(v) = v. Let q be s(r). Let l(i) = i**3 + 5*i**2 + 4*i + 1. What is l(q)?
1
Let t be -2*1 - (1 - 2). Let v(d) = d + 1. Let a(b) = 2*b + 7. Suppose 5*s + 7 = -m, -3*m = 4*s - 42 + 41. Let j(x) = m*v(x) + t*a(x). Give j(-7).
-11
Let d(c) be the second derivative of -c**5/20 - 5*c**4/3 + 41*c**3/6 - 23*c**2/2 - 4448*c. Give d(-22).
43
Let z(m) = 7*m**2 + m. Suppose 4*r - 270 = 14*r. Let t = r + 26. Give z(t).
6
Let i(u) = -u**3 - 5*u**2 + 4. Let q be ((-40)/(-60))/(-2 - 84/(-45)). What is i(q)?
4
Let s(a) = 7 - 94114*a**3 + 6 + 94113*a**3 - a. What is s(5)?
-117
Let d(k) = -k**2 - 16*k + 19. Let g be d(-17). Suppose -4*v = -g*v + 46. Let w(b) = -b**2 - 25*b - 55. Let r be w(v). Let u(a) = a**2 + 9*a. Calculate u(r).
0
Let v(t) = -129*t**2 + 11*t + 22. Let k(n) = 145*n**2 - 13*n - 23. Let u(y) = 8*k(y) + 9*v(y). Calculate u(-6).
8
Let o be (-2125)/(-850) + 10/4. Let y(h) be the second derivative of 2*h + 0 + 1/12*h**4 - 2/3*h**3 + 1/2*h**2. Give y(o).
6
Let s(d) = -d - 2. Let o(j) = 2*j + 5. Let h(c) = -2*o(c) - 5*s(c). Let l be h(4). Let x(f) = f - f**3 - f + 1 + 7*f**2 - l*f - 2*f. Determine x(6).
1
Let f(g) = -2*g**2 - 21*g + 18. Let x(a) = -507*a - 2546. Let r be x(-5). What is f(r)?
7
Let o(u) = -161*u - 32. Let s(g) = -19*g - 4. Let z(t) = -2*o(t) + 17*s(t). Suppose 7*r = 2*r - 30. Determine z(r).
2
Let v(n) = 378*n + 375*n - 756*n - 2. Suppose -q - 2 = -7. Determine v(q).
-17
Let i(u) = -141*u**3 - 6*u**2 - 3*u + 14. Let x(c) = 131*c**3 + 7*c**2 + 3*c - 14. Let j(q) = -13*i(q) - 14*x(q). Give j(-20).
74
Let x = 1378 - 1381. Let i(z) = -13*z - 45. Determine i(x).
-6
Let x be (-5*1)/(4*(-5)/60). Let p(v) = 6 - 20*v + 3*v**2 + x*v - 4*v**2. What is p(-5)?
6
Let t be (-6)/39 - 96/52. Let z = 0 - t. Let i(c) = -7*c**2 + c + 7. Let j(n) = 22*n**2 - 3*n - 24. Let p(o) = 7*i(o) + 2*j(o). Determine p(z).
-17
Let m(x) = 45*x + 788. Let c(z) = 11*z + 190. Let p(q) = -21*c(q) + 5*m(q). Calculate p(-12).
22
Let c(a) = 3*a + 1. Let n(s) = -27*s + 15. Let h(v) = -13*v + 6. Let b(j) = -5*h(j) + 3*n(j). Let f(w) = -b(w) - 5*c(w). Determine f(17).
-3
Let c(i) be the second derivative of -i**5/20 + 5*i**4/6 + 2*i**3 - 21*i**2/2 - 837*i. Determine c(11).
-10
Suppose 27 = -4*h + 3*q, 2*h + 6*q = 4*q - 10. Let s(j) = -j**3 - 8*j**2 - 6*j - 8. Give s(h).
-44
Let v(m) be the first derivative of m**3/3 - 6*m**2 - 4*m - 144. Give v(12).
-4
Let x(s) be the first derivative of s**3/3 - s**2 - 2*s - 1. Suppose 230*q - 119*q - 3 = 110*q, -9 = 3*y + q. Calculate x(y).
22
Suppose -24 - 3 = 26*y - 1. Let g(u) = 25*u**2 - 3*u - 2. Give g(y).
26
Let t(x) = -9*x + 7. Let l be (4 - (4 + -4))/(8/(-2)). Determine t(l).
16
Let j(z) = -5*z - 1710643*z**2 + 17*z + 1710644*z**2 - 27. Give j(-10).
-47
Let o(x) = 3*x - 61. Let u be (-3 - -25)*(-1 - (-5 + 3)). Let n be o(u). Let t(g) = -g**2 + 5*g + 2. What is t(n)?
2
Let o(j) = j - 3. Let h(m) = -3*m + 27 - 36 + 20. Let a(g) = -3*h(g) - 8*o(g). Give a(-8).
-17
Let g(r) = -r + 6. Let o be g(3). Suppose -4*c + 6*v - o*v = -30, c = 5*v + 16. Let i(d) = -d**3 + 4*d**2 - 9 + 2*d**2 + 3 + d. What is i(c)?
0
Let d(n) = 63 - 32 - 4*n**2 - 30 + 3*n**2 - 310*n + 311*n. Suppose -5*z + 8 = -3*z. What is d(z)?
-11
Let z(g) = -3*g**2 + 15*g + 56. Let x be (-220)/72 + 54/972. What is z(x)?
-16
Let g(w) = w**3 + w - 55. Let c be -8 - -1 - (6 - 130/10). Give g(c).
-55
Let o(m) be the third derivative of 129*m**2 + 0*m + 0 + 1/2*m**3 + 5/12*m**4. Calculate o(3).
33
Let w(z) = 2*z**3 + 11*z**3 + 7 - 3*z**3 - 8*z**3 + 4*z - 9*z**2. Let j(r) = -3*r**3 + 10*r**2 - 5*r - 9. Let d(k) = 3*j(k) + 4*w(k). Determine d(-6).
-5
Let r(x) be the first derivative of -x**4/2 + 3*x**2/2 + 3*x + 5. Suppose m = 187*z - 191*z - 12, -3*z = -5*m - 14. Determine r(z).
13
Let z be ((-39)/(-52))/(3/8). Suppose -m - u = 10, 2*u + 4 = m + z. Let a be ((-10)/(-6) + -3)*9/m. Let b(x) = -x**2 + 5*x - 3. Determine b(a).
3
Suppose -j - 20 = -4*w, -5 = -3*j - 4*w + 3*w. Let r(k) be the first derivative of j*k - 1/3*k**3 + 17 + 1/2*k**2. Give r(2).
-2
Let u be -12 + 23 - (-1 + -1 + 11). Let n(p) be the third derivative of -1/3*p**3 - 1/12*p**4 + 24*p**u - 1/60*p**5 + 0*p + 0. Determine n(-2).
-2
Let n(i) = -i. Suppose 0 = 5*a - 2*h - 187, -4*a + 3*h + 124 = -20. Suppose -4*l - 5*r - 67 - 74 = 0, 0 = l - 4*r + 30. Let u = a + l. Calculate n(u).
-5
Let c be 3*(-1)/2*-2. Let t(r) be the first derivative of r**5/20 - r**4/3 + r**3/3 - r**2 - 26*r + 122. Let s(y) be the first derivative of t(y). What is s(c)?
-5
Let w(h) be the second derivative of -1/6*h**4 + 1/10*h**5 - 1/2*h**3 + 5 + h + 0*h**2. Determine w(-2).
-18
Let i(t) be the third derivative of t**5/20 + t**4/6 + t**3/3 + 4*t**2. Suppose -4*y - 5*m - 2 = 31, 2*y - 3*m